{"id":716,"date":"2025-03-11T11:20:39","date_gmt":"2025-03-11T11:20:39","guid":{"rendered":"https:\/\/mihaelapetrescu.ro\/?page_id=716"},"modified":"2026-01-20T09:30:29","modified_gmt":"2026-01-20T09:30:29","slug":"servicii","status":"publish","type":"page","link":"https:\/\/mihaelapetrescu.ro\/index.php\/servicii\/","title":{"rendered":"Servicii"},"content":{"rendered":"<p><strong data-start=\"91\" data-end=\"103\">Programeaza acum o \u0219edin\u021ba trimi\u021b\u00e2nd un mesaj la 0723014518 prin SMS sau what&#8217;s up<\/strong><\/p>\n<p><strong data-start=\"91\" data-end=\"103\">Servicii<\/strong>:<\/p>\n<ul data-start=\"106\" data-end=\"1066\">\n<li data-start=\"106\" data-end=\"427\">\n<p data-start=\"108\" data-end=\"427\"><strong data-start=\"108\" data-end=\"128\">Terapie Sandplay<\/strong> \u2013 Terapie prin jocul cu nisip, care permite explorarea \u0219i \u00een\u021belegerea proceselor interne ale clientului prin intermediul simbolurilor create \u00een nisip. Aceast\u0103 metod\u0103 terapeutic\u0103 este util\u0103 \u00een lucrul cu copii \u0219i adul\u021bi, ajut\u00e2nd la procesarea traumei, emo\u021biilor nerezolvate \u0219i conflictele interioare.<\/p>\n<\/li>\n<li data-start=\"429\" data-end=\"756\">\n<p data-start=\"431\" data-end=\"756\"><strong data-start=\"431\" data-end=\"477\">Psihoterapia tulbur\u0103rilor de personalitate<\/strong> \u2013 Abordare psihoterapeutic\u0103 specializat\u0103 \u00een tratarea tulbur\u0103rilor de personalitate (borderline, narcisist\u0103, antisocial\u0103, evitant\u0103, etc.) Scopul acestei terapii este s\u0103 ajute individul s\u0103 dezvolte un sens mai s\u0103n\u0103tos de sine \u0219i s\u0103 \u00eembun\u0103t\u0103\u021beasc\u0103 rela\u021biile interpersonale.<\/p>\n<\/li>\n<li data-start=\"758\" data-end=\"1066\">\n<p data-start=\"0\" data-end=\"40\"><strong data-start=\"0\" data-end=\"40\">Consiliere prin metode experien\u021biale<\/strong><\/p>\n<p data-start=\"42\" data-end=\"615\">Consilierea prin metode experien\u021biale se bazeaz\u0103 pe \u00eenv\u0103\u021barea prin experien\u021b\u0103 direct\u0103, \u00eencuraj\u00e2nd explorarea profund\u0103 a emo\u021biilor \u0219i comportamentelor \u00eentr-un mod activ \u0219i creativ. Aceast\u0103 abordare terapeutic\u0103 pune accent pe experien\u021bele tr\u0103ite \u00een timpul procesului terapeutic, folosind diverse tehnici care faciliteaz\u0103 auto-descoperirea \u0219i dezvoltarea personal\u0103. \u00cen loc s\u0103 r\u0103m\u00e2n\u0103 doar la nivelul g\u00e2ndurilor sau discu\u021biilor ra\u021bionale, terapia experien\u021bial\u0103 permite clientului s\u0103 simt\u0103, s\u0103 exprime \u0219i s\u0103 integreze \u00een mod direct experien\u021bele sale \u00eentr-un mod creativ \u0219i liber.<\/p>\n<\/li>\n<li data-start=\"758\" data-end=\"1066\">\n<p data-start=\"0\" data-end=\"18\"><strong data-start=\"0\" data-end=\"18\">Terapie Online\u00a0<\/strong><\/p>\n<p>Terapia online este o op\u021biune eficient\u0103 \u0219i accesibil\u0103 pentru persoanele care doresc s\u0103 \u00eenceap\u0103\u00a0procesul terapeutic, dar nu pot ajunge la cabinet din diverse motive (timp, distan\u021b\u0103, program\u00a0\u00eenc\u0103rcat sau chiar preferin\u021be personale). Sesiunile de consiliere \u0219i psihoterapie au loc prin\u00a0intermediul unei platforme de videoconferin\u021b\u0103, cum ar fi Zoom, Google Meet\u00a0 sau alte aplica\u021bii\u00a0dedicate.\u00a0 Dup\u0103 stabilirea unei \u00eent\u00e2lniri ini\u021biale, vei putea s\u0103 participi la sesiuni \u00een mod similar ca \u0219i la terapia fa\u021b\u0103 \u00een fa\u021b\u0103, dar printr-o metod\u0103 mai convenabil\u0103.<\/li>\n<\/ul>\n<p data-start=\"0\" data-end=\"18\"><strong data-start=\"0\" data-end=\"18\"><\/strong><\/p>\n","protected":false},"excerpt":{"rendered":"<p>Programeaza acum o \u0219edin\u021ba trimi\u021b\u00e2nd un mesaj la 0723014518 prin SMS sau what&#8217;s up Servicii: Terapie Sandplay \u2013 Terapie prin jocul cu nisip, care permite explorarea \u0219i \u00een\u021belegerea proceselor interne ale clientului prin intermediul simbolurilor create \u00een nisip. Aceast\u0103 metod\u0103 terapeutic\u0103 este util\u0103 \u00een lucrul cu copii \u0219i adul\u021bi, ajut\u00e2nd [&hellip;]<\/p>\n","protected":false},"author":1,"featured_media":722,"parent":0,"menu_order":0,"comment_status":"closed","ping_status":"closed","template":"","meta":{"_monsterinsights_skip_tracking":false,"_monsterinsights_sitenote_active":false,"_monsterinsights_sitenote_note":"","_monsterinsights_sitenote_category":0,"footnotes":""},"class_list":["post-716","page","type-page","status-publish","has-post-thumbnail","hentry"],"_links":{"self":[{"href":"https:\/\/mihaelapetrescu.ro\/index.php\/wp-json\/wp\/v2\/pages\/716","targetHints":{"allow":["GET"]}}],"collection":[{"href":"https:\/\/mihaelapetrescu.ro\/index.php\/wp-json\/wp\/v2\/pages"}],"about":[{"href":"https:\/\/mihaelapetrescu.ro\/index.php\/wp-json\/wp\/v2\/types\/page"}],"author":[{"embeddable":true,"href":"https:\/\/mihaelapetrescu.ro\/index.php\/wp-json\/wp\/v2\/users\/1"}],"replies":[{"embeddable":true,"href":"https:\/\/mihaelapetrescu.ro\/index.php\/wp-json\/wp\/v2\/comments?post=716"}],"version-history":[{"count":6,"href":"https:\/\/mihaelapetrescu.ro\/index.php\/wp-json\/wp\/v2\/pages\/716\/revisions"}],"predecessor-version":[{"id":768,"href":"https:\/\/mihaelapetrescu.ro\/index.php\/wp-json\/wp\/v2\/pages\/716\/revisions\/768"}],"wp:featuredmedia":[{"embeddable":true,"href":"https:\/\/mihaelapetrescu.ro\/index.php\/wp-json\/wp\/v2\/media\/722"}],"wp:attachment":[{"href":"https:\/\/mihaelapetrescu.ro\/index.php\/wp-json\/wp\/v2\/media?parent=716"}],"curies":[{"name":"wp","href":"https:\/\/api.w.org\/{rel}","templated":true}]}}